s divided by 252.
229
Calculate the remainder when 1869384 is divided by 373826.
254
Calculate the remainder when 20192 is divided by 2192.
464
Calculate the remainder when 32924 is divided by 129.
29
What is the remainder when 30830 is divided by 30733?
97
Calculate the remainder when 20406937 is divided by 20.
17
Calculate the remainder when 12719151 is divided by 1211.
18
What is the remainder when 5784019 is divided by 801?
799
Calculate the remainder when 3240990 is divided by 68956.
58
What is the remainder when 47373 is divided by 11733?
441
What is the remainder when 50847324 is divided by 807100?
24
Calculate the remainder when 16203777 is divided by 555.
552
What is the remainder when 6097679 is divided by 1524324?
383
What is the remainder when 2106728 is divided by 5472?
8
What is the remainder when 1724799863 is divided by 597?
596
What is the remainder when 59865568 is divided by 52?
48
What is the remainder when 104773 is divided by 4529?
606
Calculate the remainder when 63542 is divided by 1870.
1832
Calculate the remainder when 103664553 is divided by 108.
105
What is the remainder when 38848 is divided by 2197?
1499
What is the remainder when 337012 is divided by 19751?
1245
Calculate the remainder when 3071072 is divided by 1961.
146
Calculate the remainder when 560997 is divided by 6596.
337
Calculate the remainder when 10574244 is divided by 795.
744
What is the remainder when 694189 is divided by 57818?
373
What is the remainder when 16838968 is divided by 1904?
1896
Calculate the remainder when 1402938 is divided by 6911.
5
Calculate the remainder when 21690744 is divided by 1363.
1325
What is the remainder when 48779668 is divided by 30?
28
Calculate the remainder when 30872681 is divided by 1848.
1841
Calculate the remainder when 137965 is divided by 4448.
77
Calculate the remainder when 18400041 is divided by 613334.
21
Calculate the remainder when 16288681 is divided by 4682.
3
What is the remainder when 136174 is divided by 966?
934
Calculate the remainder when 3662697 is divided by 30.
27
What is the remainder when 8074172 is divided by 47?
42
Calculate the remainder when 261874 is divided by 3632.
370
What is the remainder when 313914 is divided by 684?
642
Calculate the remainder when 724765 is divided by 19.
10
Calculate the remainder when 49184258 is divided by 3149.
27
Calculate the remainder when 17945 is divided by 2157.
689
What is the remainder when 1707300 is divided by 13?
10
Calculate the remainder when 271623627 is divided by 5543.
5541
What is the remainder when 68268406 is divided by 29?
28
Calculate the remainder when 59776 is divided by 2852.
2736
What is the remainder when 109425 is divided by 177?
39
Calculate the remainder when 1285411 is divided by 321223.
519
What is the remainder when 121662769 is divided by 32?
17
Calculate the remainder when 255922 is divided by 21326.
10
Calculate the remainder when 15138650 is divided by 1176.
2
What is the remainder when 1208513 is divided by 604255?
3
What is the remainder when 3221176 is divided by 75?
1
Calculate the remainder when 24510 is divided by 8156.
42
Calculate the remainder when 137575 is divided by 3265.
445
What is the remainder when 627529 is divided by 446?
7
What is the remainder when 2833183 is divided by 19?
17
Calculate the remainder when 12727389 is divided by 231407.
4
What is the remainder when 348426469 is divided by 4492?
4489
What is the remainder when 92594 is divided by 9259?
4
What is the remainder when 130512 is divided by 1472?
976
What is the remainder when 15984731 is divided by 3517?
3483
What is the remainder when 4021812 is divided by 3834?
3780
Calculate the remainder when 3957213 is divided by 254.
147
What is the remainder when 432263024 is divided by 67?
62
Calculate the remainder when 22556495 is divided by 1611177.
17
Calculate the remainder when 276551 is divided by 3142.
55
Calculate the remainder when 494807359 is divided by 16.
15
Calculate the remainder when 460084678 is divided by 669.
667
What is the remainder when 15906733 is divided by 3976620?
253
What is the remainder when 12517841 is divided by 38?
33
What is the remainder when 9794804 is divided by 4897397?
10
Calculate the remainder when 12979 is divided by 351.
343
What is the remainder when 30388083 is divided by 3185?
3183
What is the remainder when 32172807 is divided by 13383?
75
Calculate the remainder when 244398 is divided by 2707.
768
Calculate the remainder when 12230 is divided by 2976.
326
Calculate the remainder when 42429 is divided by 3846.
123
Calculate the remainder when 239917 is divided by 1413.
1120
What is the remainder when 291772 is divided by 4557?
124
What is the remainder when 24873141 is divided by 287?
286
What is the remainder when 659033 is divided by 1905?
1808
Calculate the remainder when 31115 is divided by 1686.
767
Calculate the remainder when 7962115 is divided by 1990520.
35
What is the remainder when 483791 is divided by 139?
71
What is the remainder when 35931795 is divided by 129?
6
Calculate the remainder when 3706096 is divided by 248.
232
What is the remainder when 78385 is divided by 25628?
1501
Calculate the remainder when 3467 is divided by 412.
171
Calculate the remainder when 400344 is divided by 26.
22
What is the remainder when 16979861 is divided by 1349?
1347
What is the remainder when 2937 is divided by 52?
25
What is the remainder when 38640788 is divided by 332?
304
Calculate the remainder when 23529739 is divided by 11764833.
73
What is the remainder when 81855 is divided by 5456?
15
Calculate the remainder when 91430414 is divided by 47.
45
Calculate the remainder when 835034178 is divided by 2383.
2382
What is the remainder when 6100877 is divided by 2033327?
896
What is the remainder when 28518 is divided by 1357?
21
What is the remainder when 13784156 is divided by 626552?
12
Calculate the remainder when 241170274 is divided by 6.
4
What is the remainder when 1661440 is divided by 66?
22
What is the remainder when 1163635 is divided by 2171?
2150
What is the remainder when 585170 is divided by 509?
329
What is the remainder when 84804305 is divided by 53844?
5
What is the remainder when 1213769 is divided by 1977?
1868
What is the remainder when 1883385 is divided by 2264?
2001
What is the remainder when 32252 is divided by 2304?
2300
Calculate the remainder when 6236384 is divided by 71.
28
Calculate the remainder when 934125 is divided by 186818.
35
Calculate the remainder when 399065 is divided by 4.
1
What is the remainder when 56826173 is divided by 32?
29
What is the remainder when 156593 is divided by 26074?
149
What is the remainder when 391820 is divided by 3103?
842
What is the remainder when 2562661 is divided by 408?
13
Calculate the remainder when 590982 is divided by 25693.
43
What is the remainder when 748628 is divided by 32?
20
What is the remainder when 54755633 is divided by 360?
353
Calculate the remainder when 1575354 is divided by 32.
26
Calculate the remainder when 1599499 is divided by 28.
27
Calculate the remainder when 601744 is divided by 27350.
44
Calculate the remainder when 8117141 is divided by 1616.
1589
Calculate the remainder when 157525318 is divided by 126.
118
What is the remainder when 1689884 is divided by 4152?
20
Calculate the remainder when 10773041 is divided by 211.
14
Calculate the remainder when 1536724 is divided by 15729.
11011
Calculate the remainder when 3337088 is divided by 181.
172
What is the remainder when 21039 is divided by 1040?
239
Calculate the remainder when 797160 is divided by 17.
13
What is the remainder when 118740 is divided by 679?
594
Calculate the remainder when 5083659 is divided by 4760.
4739
Calculate the remainder when 282354196 is divided by 620.
616
What is the remainder when 205896910 is divided by 1021?
8
Calculate the remainder when 793920 is divided by 198351.
516
What is the remainder when 970237 is divided by 20?
17
Calculate the remainder when 9534626 is divided by 528.
2
Calculate the remainder when 1507423 is divided by 10916.
1015
Calculate the remainder when 425710 is divided by 32746.
12
Calculate the remainder when 152545316 is divided by 1019.
1016
What is the remainder when 6565149 is divided by 